86784589 prime?
True
Is 22169882479 a composite number?
True
Is 4107055045 a composite number?
True
Is 13122517327 prime?
True
Is 3268567957 a prime number?
True
Is 459698039 a prime number?
False
Is 3901975739 a prime number?
False
Is 12067871197 prime?
False
Is 20399297077 a prime number?
True
Is 199853813 a composite number?
False
Is 1561733021 a prime number?
True
Is 1013031623 prime?
True
Is 819357391 a composite number?
True
Is 17521763437 composite?
False
Is 52894607099 a composite number?
False
Is 61289038487 a prime number?
True
Is 205006631 a composite number?
False
Is 697734461 prime?
False
Is 9383999659 a prime number?
False
Is 46497833029 prime?
True
Is 64776508673 prime?
False
Is 1551492967 composite?
False
Is 136065657943 a composite number?
True
Is 2026901459 a prime number?
False
Is 55973726929 prime?
True
Is 442877068223 a composite number?
False
Is 26888832959 a composite number?
False
Is 1288229687 a composite number?
False
Is 56943134419 composite?
True
Is 12253208717 a composite number?
False
Is 64143510211 composite?
True
Is 369355949 a prime number?
False
Is 52291194689 a prime number?
True
Is 1282256557 prime?
False
Is 4534983177 composite?
True
Is 544695737 a prime number?
False
Is 2503366309 prime?
False
Is 994861949 a prime number?
False
Is 148059607 composite?
True
Is 3269693939 prime?
True
Is 4468156079 a prime number?
False
Is 442053149 a composite number?
True
Is 2230320511 a composite number?
True
Is 11544695203 a composite number?
True
Is 25394222081 composite?
False
Is 1580887391 a composite number?
False
Is 733411859 a prime number?
False
Is 3678438199 prime?
True
Is 2229223079 composite?
True
Is 2578566479 composite?
True
Is 461449439 a prime number?
False
Is 3195508865 a composite number?
True
Is 434387147 a prime number?
True
Is 30431891927 a prime number?
False
Is 3921097133 a composite number?
False
Is 15071418139 prime?
True
Is 8843461882 a composite number?
True
Is 1696712509 a composite number?
False
Is 184861885867 a prime number?
True
Is 678610337 prime?
True
Is 93282811007 a composite number?
False
Is 21699448311 composite?
True
Is 1118043877 composite?
False
Is 170881425851 prime?
True
Is 104015302613 a prime number?
True
Is 20780321767 a prime number?
False
Is 8204968969 a composite number?
True
Is 169619707813 a composite number?
True
Is 5093983579 a prime number?
False
Is 13701040339 composite?
True
Is 1298302039 composite?
False
Is 71481497411 a composite number?
False
Is 37237665841 a prime number?
True
Is 1618225391 prime?
False
Is 125804680091 a prime number?
False
Is 663969521 a prime number?
True
Is 309600505051 prime?
True
Is 7871137679 a prime number?
True
Is 20480981669 composite?
False
Is 2320467781 prime?
False
Is 750680741 composite?
False
Is 1088085329 composite?
False
Is 1405410073 prime?
True
Is 3130554269 a composite number?
False
Is 11026128559 composite?
False
Is 2456470421 a composite number?
True
Is 59235996577 a prime number?
True
Is 9841598867 a composite number?
True
Is 525845381 a composite number?
False
Is 828435379 prime?
True
Is 47575092319 a prime number?
True
Is 61300301 a prime number?
False
Is 33870450819 composite?
True
Is 151325677 a composite number?
False
Is 85041629599 prime?
False
Is 1199766734 prime?
False
Is 129203563283 composite?
False
Is 61063950593 composite?
False
Is 122084518 prime?
False
Is 275498338 prime?
False
Is 1275292913 a prime number?
False
Is 92356333931 composite?
False
Is 2795666563 prime?
True
Is 11937484033 a prime number?
True
Is 776614589 prime?
True
Is 7470533423 a composite number?
True
Is 1793021 a prime number?
False
Is 1549637059 a prime number?
True
Is 815051801 composite?
True
Is 144697305439 a prime number?
False
Is 2271752173 prime?
False
Is 20630204018 prime?
False
Is 115927987547 composite?
True
Is 3648502261 a composite number?
False
Is 44237671 prime?
False
Is 3867896531 a prime number?
False
Is 58261251005 a prime number?
False
Is 60539389111 a composite number?
False
Is 121350137 a composite number?
False
Is 122011480099 prime?
True
Is 2220432971 prime?
False
Is 102596520406 a composite number?
True
Is 1551857231 prime?
False
Is 460184639 a composite number?
False
Is 42398523119 composite?
True
Is 696093683 composite?
False
Is 34533383 a prime number?
False
Is 6311675677 a composite number?
False
Is 76219259269 a composite number?
True
Is 1121627123 composite?
False
Is 1432826819 composite?
True
Is 11346175669 composite?
True
Is 45831991 composite?
True
Is 18116349 composite?
True
Is 410076691 composite?
False
Is 16608916111 a prime number?
False
Is 4235381893 prime?
True
Is 29670328789 composite?
True
Is 1120508509 a composite number?
False
Is 22824452877 a composite number?
True
Is 24395263 a composite number?
False
Is 869835809 a composite number?
True
Is 2300088191 composite?
False
Is 3966456119 a composite number?
False
Is 774903029 a composite number?
True
Is 24422813837 composite?
True
Is 1739908721 a prime number?
True
Is 23469647681 a composite number?
False
Is 23966099657 a composite number?
False
Is 449420939 a prime number?
False
Is 1226367427 composite?
False
Is 3219047479 composite?
False
Is 1226060207 prime?
False
Is 5292181723 a composite number?
True
Is 1758904417 a prime number?
True
Is 35688875393 a prime number?
False
Is 672487657 a composite number?
False
Is 953243017 a composite number?
True
Is 269814761 a composite number?
False
Is 4542204571 a composite number?
False
Is 2064241693 composite?
False
Is 2785762087 a prime number?
False
Is 575960767 composite?
False
Is 1067664061 composite?
True
Is 16735450201 prime?
False
Is 8417885009 prime?
True
Is 1627347373 a prime number?
True
Is 138422549 prime?
False
Is 1935542051 prime?
True
Is 17514544057 a composite number?
True
Is 1296183607 a composite number?
True
Is 24008956313 prime?
False
Is 15564681239 a prime number?
False
Is 2144844971 a composite number?
True
Is 11045386841 composite?
False
Is 22524903637 prime?
True
Is 165393817 a composite number?
False
Is 10952065031 a prime number?
True
Is 3700515827 a prime number?
True
Is 1045695643 a prime number?
True
Is 8376693263 prime?
False
Is 288469975967 a composite number?
False
Is 14097913609 composite?
True
Is 85813037509 a prime number?
False
Is 125536601 a composite number?
True
Is 14828096753 composite?
True
Is 1368085483 a prime number?
False
Is 11904885886 prime?
False
Is 11873049427 prime?
False
Is 1980933421 a composite number?
True
Is 8223723787 a prime number?
True
Is 2022182791 prime?
True
Is 28762193531 a prime number?
True
Is 1356350942 prime?
False
Is 10802946333 prime?
False
Is 240804353 a prime number?
False
Is 1497892223 a prime number?
True
Is 114223732307 composite?
True
Is 422024372431 a prime number?
True
Is 3746240959 a prime number?
True
Is 4719170926 prime?
False
Is 349572617 prime?
True
Is 3630005539 a prime number?
True
Is 4045693909 a composite number?
False
Is 725753761 prime?
True
Is 80468194199 prime?
False
Is 3010517621 a prime number?
True
Is 1634876491 a composite number?
False
Is 4164247093 prime?
True
Is 7826886761 a composite number?
True
Is 7047105151 composite?
True
Is 193822973815 a prime number?
False
Is 468308263 a prime number?
True
Is 837111307 composite?
True
Is 9334244971 a prime number?
True
Is 5654813809 composite?
False
Is 668135807 composite?
True
Is 1789062653 prime?
False
Is 145211684599 composite?
True
Is 120815033 composite?
False
Is 32725698931 a prime number?
True
Is 93281647 prime?
False
Is 3511286741 composite?
False
Is 349680179 a composite number?
False
Is 2983987661 a prime number?
False
Is 2234797671 a prime number?
False
Is 532296277 prime?
True
Is 2788668263 composite?
True
Is 15783785819 prime?
False
Is 15298034723 a composite number?
True
Is 84178799 a composite number?
False
Is 17870755471 a prime number?
True
Is 11731451 a prime number?
True
Is 1004542603 a prime number?
True
Is 377511257 prime?
False
Is 6378877039 a prime number?
False
Is 7385208953 a composite number?
False
Is 12021809 a prime number?
True
Is 19151616773 a composite number?
False
Is 32069087 a prime number?
False
Is 26038530521 a composite number?
False
Is 102399403 a composite number?
True
Is 1333898069 composite?
True
Is 237371179 a prime number?
True
Is 